 + 5*x = -29, 2*h - x = x + 14. Let i(k) = k**2 - 9*k + 6. Give i(h).
-12
Let f(s) = -5 + 4*s**2 + 1 - 4*s - s**2. Let p(t) = -2*t**2 + 5*t + 5. Let c be (-2)/(3*3/(-18)). Let z(d) = c*p(d) + 3*f(d). Give z(-6).
-4
Let u(x) = 12*x + 1. Suppose 0 = o - 1 - 1. Let r(n) = -13*n - 2. Let m(k) = o*r(k) + 3*u(k). Calculate m(1).
9
Suppose 48 = 4*f + 4*f. Let k(d) = 6*d - 5 + 3 - d**2 - 2. Determine k(f).
-4
Let j(b) = 11*b**2 - 13*b**2 + 0 + 0. What is j(1)?
-2
Let z(a) = 9*a - a**2 + 7 - a**3 - 10*a - 2 - 6. What is z(-1)?
0
Let p(l) = -l**2 + 4*l - 6. Suppose 0 = 3*g - 8*g + 20. What is p(g)?
-6
Let o be 2/(-18)*-3*6. Let g(p) be the first derivative of 0 + p - 3*p**2 + o*p**2 - 1. Determine g(1).
-1
Let w(k) = -k**2 - 4*k + 3. Let v be w(-4). Let f(c) = -v - 1 + 0*c + 2*c. What is f(4)?
4
Let c(z) = -z**2 + 6*z - 2. Let g(l) = 2*l**2 - 12*l + 5. Let b(n) = 5*c(n) + 2*g(n). Calculate b(5).
5
Let o(n) = -3 + 4 + n - 5 + 5 + n**3. Suppose -4*u = -u. What is o(u)?
1
Let n(w) = -w**2 - 4*w - 2. Let s = 7 + -7. Suppose -g = g - 3*z + 9, s = 3*z - 3. What is n(g)?
1
Let v(f) = -f**3 - 7*f**2 - 8*f - 8. Let i(p) = -11*p - 61. Let m be i(-5). Determine v(m).
4
Let t = 5/3 + -1. Let w(a) be the first derivative of -a**2 + 1/4*a**4 - 2*a + t*a**3 + 3. What is w(-3)?
-5
Suppose -11 = -4*r - 3*n + 4*n, -5*r + 5*n = -25. Let m(o) = 3 - r + o + 8. Give m(-5).
4
Let u(s) be the first derivative of -s**6/360 + s**5/60 + 7*s**4/24 - 4*s**3/3 + 5. Let r(w) be the third derivative of u(w). Give r(5).
-8
Let c be -1 - (-5 + (-8)/(-4)). Let j(o) = 3*o. Give j(c).
6
Let r(u) be the second derivative of -u**4/4 + u**3/6 + u**2 - 8*u. Let q(k) be the first derivative of r(k). Determine q(1).
-5
Let t(m) = m**3 - 15*m**2 + 17*m + 3. Let x be t(14). Let c be ((-30)/x)/(4/(-6)). Let o(p) be the first derivative of -7*p**3/3 + p**2/2 - p - 1. Give o(c).
-7
Let r be -1 - -4 - (13 - 9). Let k(l) = -l**2 - 6*l - 1. Let o(t) = t. Let i(d) = -k(d) - 5*o(d). Give i(r).
1
Let s = -13 - -13. Let m(c) = s*c**2 - c**3 - 5 + c**2 + 4*c**2 + 7*c. What is m(6)?
1
Let o be 12/14*(-112)/(-32). Let q(s) = s**2 - 1 - o - 6*s + 2*s - 2*s**2. Determine q(-6).
-16
Let y(c) = -c - 2. Let m be ((-64)/12 + 4)*(-3)/(-2). What is y(m)?
0
Let r(f) = 0*f - 3*f + 5*f. Let w be r(1). Suppose 3*i + w = i. Let o(y) = -6*y**3 - 1. Give o(i).
5
Suppose 0 = -3*v - 5 + 17. Let c(y) = y**3 - 3*y**2 - 4*y + 4. What is c(v)?
4
Suppose -2*z - 3*f - 9 = 0, 0 = -5*z + f + 4*f + 15. Let r(v) = -v**2 + v - 16. Calculate r(z).
-16
Suppose 0 = 4*r + 3 + 5. Let b(q) = 2*q**3 + 3*q**2 + 3*q. Give b(r).
-10
Let u = 91 - 93. Let t(a) = -a**3 - a**2 + 2*a. Calculate t(u).
0
Let x(s) = -s**2 - 5*s - 1. Let y be 2 - (0/(-1) + -1). Suppose -14 = 2*a - y*z, a + a + 2*z = -4. Calculate x(a).
3
Suppose 2*m - 4*m = 20. Let w = m - -11. Let s(u) = u - 1. Let n(q) = 6*q - 5. Let z(c) = -n(c) + 4*s(c). Give z(w).
-1
Let r(x) = x**2 + 2*x. Let i(n) = n**3 - 2*n - 1. Let h be i(-2). Let q be ((-8)/20)/(1/h). Give r(q).
8
Let q(b) = b**2 - 3*b - 3. Suppose k = -2*z + 1, -2*k + 4 = -z - k. Let w = 5 + 0. Let c = z + w. Give q(c).
1
Let h(l) = 5*l + 1. Let p be 20/15 - (-3)/(-9). Give h(p).
6
Let m(s) = -2*s**3 - 2*s**2 + 5*s + 4. Let o(p) = 2*p**3 + p**2 - 4*p - 3. Suppose -4 - 8 = -4*a. Let q(z) = a*m(z) + 4*o(z). Give q(2).
6
Let k(c) be the first derivative of 1/3*c**3 + c - 7/4*c**4 - 1 + 1/2*c**2. Determine k(-1).
8
Let b(c) = 2*c**2 - 2*c + 3. Let g be b(2). Let x(z) = z + 2. Give x(g).
9
Let s(x) = 3*x - 1. Let f be s(2). Let d(n) = 3*n**2 + 5*n - 15. Let t(z) = 2*z**2 + 2*z - 8. Let i(a) = -3*d(a) + 5*t(a). Give i(f).
5
Let m(y) = -13*y**2 + 12*y - 25. Let n(j) = -7*j**2 + 6*j - 13. Let b(x) = 6*m(x) - 11*n(x). Let g be 2 + 4/((-16)/(-12)). Give b(g).
-2
Let k(x) = x**3 - 8*x**2 - 9*x + 8. Let m(v) = v**2 - 8*v. Let c be m(9). Calculate k(c).
8
Let g be (-2)/(-9) - (-34)/9. Let l(x) be the second derivative of -5/2*x**2 + 1/4*x**4 - 1/20*x**5 + 0 + x + 2/3*x**3. What is l(g)?
-5
Suppose 6*p + 3 = 27. Let n(t) = -t. Let h(b) = 1. Let k(g) = -6*h(g) - 3*n(g). What is k(p)?
6
Let m(s) = s - 1. Let w(z) = -z**2 + 6*z + 1. Let j be 40/15*(-15)/4. Let c be 12/j + 4/20. Let b(o) = c*w(o) + 3*m(o). Give b(4).
0
Let p(t) = -t**3 + 8*t**2 + 10*t - 3. Let u be p(9). Let g(v) = -v**2 + 7*v - 6. Give g(u).
0
Let a(y) = y**2 + 7*y - 2. Let l be a(-6). Let d(z) = z**2 + 7*z + 4. Calculate d(l).
12
Suppose 4*y = 8 - 0. Let g = y + -4. Let l(w) = -w**2 - 3*w + 1. Let d(a) = 2*a**2 + 6*a - 3. Let b(z) = -2*d(z) - 5*l(z). Calculate b(g).
-1
Suppose -9*j - j - 40 = 0. Let v(w) = -w**3 - 3*w**2 + 5*w + 1. Give v(j).
-3
Let h(o) = o**2 - 8*o - 7. Let a(f) = f**3 + 6*f**2 + 10*f + 34. Let l be a(-5). Determine h(l).
2
Suppose -a - j = 0, -3*a + 4*j - 34 = -13. Let i(l) = 0*l**3 + 1 + 8*l**3 - 7*l**3 + 3*l**2. Determine i(a).
1
Let v(z) be the first derivative of 2*z**3/3 + 2*z**2 + 3*z + 4. What is v(-3)?
9
Let u(m) = m**3 + 6*m**2 - 7. Suppose 0 = 3*r - q + 2*q + 17, -3*q + 9 = -r. Determine u(r).
-7
Let r(t) = -t**2 + 2*t + 3. Let p(y) = 2*y**2 - 2*y - 4. Let j(b) = -2*p(b) - 3*r(b). What is j(-4)?
-9
Let u(x) = x**3 + 9*x**2 + 12*x - 9. Let y be u(-7). Let w(g) = -g**2 + 6*g + 6. What is w(y)?
11
Let b(g) = g - 1. Let f be b(3). Let p(t) = 9 - 7*t**2 + 6*t**2 + f*t**2. Calculate p(0).
9
Let h(m) = 3*m**2 - m + 2. Let r be 6/(-3*3/6). Let q = r + 6. Suppose -3*i + 2 = -q*i. Give h(i).
12
Let r(j) = j**2 + 4*j + 6. Let g(b) = -5. Let f be (-4)/(-14) - (-57)/21. Let h(c) = 4. Let w(s) = f*g(s) + 4*h(s). Let a(m) = r(m) - w(m). Give a(-4).
5
Let c be (-2)/(-4)*0/4. Let g(v) be the third derivative of -v**4/24 + v**3/2 - 4*v**2. Calculate g(c).
3
Let g(k) = -k**3 - 6*k**2 - 2*k - 9. Let r be g(-6). Let j = 0 + 1. Let p = r - j. Let q(u) = u**3 - 2*u**2 - 2*u + 3. What is q(p)?
-1
Let q(y) = -y + 4. Let k(v) = -v**2 + 6*v - 5. Let d be k(4). Give q(d).
1
Let j(u) be the second derivative of -u**5/10 + u**4/12 + u**3/6 + u**2 + 2*u - 11. What is j(-2)?
20
Let r(z) = -5*z + 1. Let x(b) = 3*b - 2. Let s(u) = 3*r(u) + 4*x(u). Calculate s(-4).
7
Let c(i) be the third derivative of i**5/60 - 7*i**4/24 + i**3 - 3*i**2. Let d = 19 - 13. What is c(d)?
0
Let k be (-4)/(-8) + 3/2. Suppose 8 = -k*z + 6*z. Let g(n) = -n**3 + n + n + n**2 + 3 - 5*n. Determine g(z).
-7
Let v(c) be the third derivative of -c**6/120 - c**5/60 + c**4/24 + c**3 - 4*c**2. Give v(0).
6
Let g(r) = -2*r**2 + 3 + 6*r - 2 + r**2. Suppose -4*t = -z - 7, 3*t - 3 = 5*z - t. Let m(v) = 4*v**3 + v. Let j be m(z). Give g(j).
6
Let y(v) = -4*v**3 + 5 + 1 + 2*v - 6*v**2 - 11*v + 0. Let k(f) = 3*f**3 + 6*f**2 + 8*f - 5. Let c(o) = -3*k(o) - 2*y(o). Give c(-5).
8
Let m(y) be the third derivative of -y**4/6 - y**3/6 + 24*y**2. Calculate m(-1).
3
Let d(r) be the first derivative of r**3/3 + 3*r**2/2 - 2*r - 45. Determine d(-4).
2
Suppose -4 = -3*i - 1. Let j(v) = -4*v**2 + 2*v - 1. What is j(i)?
-3
Let y(k) be the second derivative of k**4/12 - 5*k**3/6 + 5*k**2/2 - k. Suppose 2*f + 2*f = -36. Let c = f + 13. What is y(c)?
1
Let l(o) = 5*o + 2. Let z be l(-1). Let w(g) = g - 1. Calculate w(z).
-4
Let i(a) = a**3 - 5*a**2 + 2. Suppose -2*l - 4*h = -18, 0 = 3*l - 2*h + 4 + 9. Let t = 5 + l. Give i(t).
-14
Let b(l) be the second derivative of l**5/20 + 5*l**4/12 - 4*l**3/3 - 3*l**2/2 + l. Calculate b(-6).
9
Let a(t) = -14*t**2 - 7*t - 15*t**2 + 25*t**2 + 2 + t**3. Give a(5).
-8
Suppose p = -3*a + 4, 3*p = 5*a - 2*p - 20. Let i be 0 - 2/(2/(-3)). Let h(o) = 3*o**2 + 2*o - 2*o**2 - i*o**2 - 5 + 2. What is h(a)?
-7
Let n be 33*((-21)/(-9) + -2). Let p = n + -8. Let g(t) = -t**2 + 6*t. Determine g(p).
9
Let q(l) = l**3 - l**2 - 3*l + 2. Let y be q(2). Suppose 2*j - j + 7 = y. Let f(c) = -c**2 - 8*c - 7. Determine f(j).
0
Suppose 0*y - 18 = 6*y. Let r(x) be the second derivative of 1/12*x**4 + 0 + 1/6*x**3 - 1/2*x**2 + x. Determine r(y).
5
Suppose 3*w = -3*g + 2*w + 17, -4*g + 3*w + 27 = 0. Let j = g + -4. Let s(y) = y + 2*y - j*y - y**2 + y**3. Determine s(0).
0
Let q(d) be the third derivative of d**5/120 - d**3/6 + 3*d**2. Let h(t) be the first derivative of q(t). Determine h(4).
4
Let o be (2 + -4 - -1) + 3. Let l(m) = -m**2 - m - 2. Let g(j) = 6*j**2 + 8*j + 5. Let r(p) = -g(p) - 4*l(p). Calculate r(o).
-1